ided by 82?
73
Calculate the remainder when 488 is divided by 35.
33
Calculate the remainder when 155 is divided by 74.
7
Calculate the remainder when 200 is divided by 69.
62
What is the remainder when 606 is divided by 36?
30
What is the remainder when 96 is divided by 33?
30
Calculate the remainder when 120 is divided by 27.
12
What is the remainder when 115 is divided by 11?
5
Calculate the remainder when 982 is divided by 60.
22
What is the remainder when 83 is divided by 28?
27
Calculate the remainder when 1515 is divided by 49.
45
What is the remainder when 76 is divided by 27?
22
Calculate the remainder when 3753 is divided by 99.
90
What is the remainder when 108 is divided by 2?
0
Calculate the remainder when 19 is divided by 19.
0
What is the remainder when 163 is divided by 46?
25
Calculate the remainder when 11263 is divided by 64.
63
What is the remainder when 149 is divided by 10?
9
What is the remainder when 483 is divided by 11?
10
Calculate the remainder when 3497 is divided by 6.
5
What is the remainder when 1286 is divided by 28?
26
Calculate the remainder when 96 is divided by 54.
42
Calculate the remainder when 122 is divided by 24.
2
What is the remainder when 364 is divided by 135?
94
What is the remainder when 288 is divided by 67?
20
Calculate the remainder when 2382 is divided by 14.
2
What is the remainder when 192 is divided by 91?
10
What is the remainder when 18 is divided by 5?
3
Calculate the remainder when 5455 is divided by 124.
123
Calculate the remainder when 944 is divided by 7.
6
What is the remainder when 36 is divided by 29?
7
Calculate the remainder when 388 is divided by 96.
4
What is the remainder when 323 is divided by 102?
17
Calculate the remainder when 915 is divided by 43.
12
What is the remainder when 54 is divided by 12?
6
What is the remainder when 134 is divided by 3?
2
What is the remainder when 168 is divided by 34?
32
Calculate the remainder when 1581 is divided by 262.
9
What is the remainder when 9862 is divided by 9?
7
Calculate the remainder when 70297 is divided by 185.
182
What is the remainder when 8 is divided by 3?
2
Calculate the remainder when 2148 is divided by 192.
36
What is the remainder when 52 is divided by 5?
2
Calculate the remainder when 232 is divided by 41.
27
What is the remainder when 78 is divided by 21?
15
Calculate the remainder when 964 is divided by 19.
14
Calculate the remainder when 285 is divided by 43.
27
Calculate the remainder when 1208 is divided by 202.
198
Calculate the remainder when 3397 is divided by 17.
14
Calculate the remainder when 3287 is divided by 14.
11
What is the remainder when 844 is divided by 77?
74
Calculate the remainder when 8958 is divided by 87.
84
What is the remainder when 1394 is divided by 51?
17
What is the remainder when 58 is divided by 27?
4
Calculate the remainder when 103 is divided by 36.
31
Calculate the remainder when 4054 is divided by 29.
23
What is the remainder when 129 is divided by 33?
30
What is the remainder when 143 is divided by 69?
5
What is the remainder when 12338 is divided by 17?
13
Calculate the remainder when 83 is divided by 17.
15
Calculate the remainder when 440 is divided by 89.
84
Calculate the remainder when 257 is divided by 5.
2
What is the remainder when 334 is divided by 125?
84
Calculate the remainder when 832 is divided by 93.
88
What is the remainder when 161 is divided by 82?
79
Calculate the remainder when 628 is divided by 205.
13
Calculate the remainder when 98 is divided by 52.
46
Calculate the remainder when 353 is divided by 175.
3
What is the remainder when 98 is divided by 21?
14
Calculate the remainder when 18787 is divided by 348.
343
What is the remainder when 225 is divided by 4?
1
What is the remainder when 973 is divided by 122?
119
Calculate the remainder when 162 is divided by 57.
48
Calculate the remainder when 814 is divided by 43.
40
What is the remainder when 128 is divided by 22?
18
What is the remainder when 699 is divided by 26?
23
Calculate the remainder when 1456 is divided by 716.
24
Calculate the remainder when 33 is divided by 6.
3
Calculate the remainder when 2475 is divided by 31.
26
What is the remainder when 154 is divided by 89?
65
What is the remainder when 88 is divided by 41?
6
What is the remainder when 252 is divided by 43?
37
What is the remainder when 80 is divided by 27?
26
What is the remainder when 3815 is divided by 1271?
2
What is the remainder when 9731 is divided by 31?
28
What is the remainder when 234 is divided by 79?
76
Calculate the remainder when 592 is divided by 66.
64
Calculate the remainder when 77 is divided by 28.
21
Calculate the remainder when 1073 is divided by 33.
17
Calculate the remainder when 9427 is divided by 46.
43
Calculate the remainder when 773 is divided by 18.
17
What is the remainder when 9062 is divided by 16?
6
What is the remainder when 218 is divided by 75?
68
What is the remainder when 1662 is divided by 49?
45
Calculate the remainder when 1898 is divided by 38.
36
Calculate the remainder when 58 is divided by 38.
20
Calculate the remainder when 238 is divided by 51.
34
Calculate the remainder when 102 is divided by 68.
34
What is the remainder when 42 is divided by 20?
2
Calculate the remainder when 19351 is divided by 4836.
7
Calculate the remainder when 456 is divided by 50.
6
What is the remainder when 46 is divided by 12?
10
What is the remainder when 3643 is divided by 53?
39
Calculate the remainder when 1171 is divided by 280.
51
What is the remainder when 350 is divided by 17?
10
Calculate the remainder when 5087 is divided by 67.
62
What is the remainder when 163 is divided by 115?
48
What is the remainder when 295 is divided by 50?
45
What is the remainder when 695 is divided by 93?
44
Calculate the remainder when 348 is divided by 20.
8
Calculate the remainder when 664 is divided by 84.
76
What is the remainder when 286 is divided by 96?
94
What is the remainder when 129 is divided by 48?
33
Calculate the remainder when 673 is divided by 54.
25
Calculate the remainder when 50 is divided by 18.
14
Calculate the remainder when 152 is divided by 28.
12
Calculate the remainder when 260 is divided by 119.
22
Calculate the remainder when 252 is divided by 47.
17
What is the remainder when 42372 is divided by 113?
110
Calculate the remainder when 507 is divided by 99.
12
What is the remainder when 660 is divided by 26?
10
What is the remainder when 291 is divided by 37?
32
Calculate the remainder when 1322 is divided by 225.
197
What is the remainder when 1401 is divided by 539?
323
Calculate the remainder when 14427 is divided by 130.
127
What is the remainder when 1564 is divided by 49?
45
Calculate the remainder when 1091 is divided by 219.
215
Calculate the remainder when 679 is divided by 40.
39
Calculate the remainder when 6895 is divided by 57.
55
What is the remainder when 255 is divided by 204?
51
What is the remainder when 30 is divided by 8?
6
What is the remainder when 12953 is divided by 254?
253
What is the remainder when 242 is divided by 26?
8
What is the remainder when 113 is divided by 53?
7
Calculate the remainder when 887 is divided by 71.
35
Calculate the remainder when 542 is divided by 14.
10
What is the remainder when 28941 is divided by 8?
5
What is the remainder when 238 is divided by 61?
55
What is the remainder when 13414 is divided by 24?
22
Calculate the remainder when 267 is divided by 17.
12
Calculate the remainder when 74 is divided by 5.
4
What is the remainder when 164 is divided by 58?
48
Calculate the remainder when 87 is divided by 43.
1
What is the remainder when 56 is divided by 6?
2
What is the remainder when 28 is divided by 18?
10
What is the remainder when 14614 is divided by 18?
16
Calculate the remainder when 201 is divided by 102.
99
Calculate the remainder when 153 is divided by 42.
27
What is the remainder when 1499 is divided by 79?
77
What is the remainder when 8319 is divided by 53?
51
Calculate the remainder when 135 is divided by 70.
65
What is the remainder when 59 is divided by 59?
0
Calculate the remainder when 790 is divided by 40.
30
Calculate the remainder when 656 is divided by 24.
8
What is the remainder when 1764 is divided by 31?
28
Calc